{"id":18,"date":"2023-06-14T15:31:14","date_gmt":"2023-06-14T13:31:14","guid":{"rendered":"https:\/\/noe-navarro.fr\/?page_id=18"},"modified":"2025-05-29T17:17:15","modified_gmt":"2025-05-29T15:17:15","slug":"18-2","status":"publish","type":"page","link":"https:\/\/noe-navarro.fr\/","title":{"rendered":"Accueil"},"content":{"rendered":"<p>[et_pb_section fb_built=\u00a0\u00bb1&Prime; prev_background_color=\u00a0\u00bb#ffffff\u00a0\u00bb admin_label=\u00a0\u00bbWorkshops and Events Section\u00a0\u00bb _builder_version=\u00a0\u00bb4.21.0&Prime; background_color=\u00a0\u00bb#FFFFFF\u00a0\u00bb custom_margin=\u00a0\u00bb||-8px|||\u00a0\u00bb custom_padding=\u00a0\u00bb0px||0px|\u00a0\u00bb top_divider_style=\u00a0\u00bbwave2&Prime; border_color_all=\u00a0\u00bb#FFFFFF\u00a0\u00bb global_colors_info=\u00a0\u00bb{}\u00a0\u00bb][et_pb_row column_structure=\u00a0\u00bb1_3,2_3&Prime; use_custom_gutter=\u00a0\u00bbon\u00a0\u00bb gutter_width=\u00a0\u00bb0&Prime; make_equal=\u00a0\u00bbon\u00a0\u00bb admin_label=\u00a0\u00bbWorkshops and Events Area\u00a0\u00bb module_class=\u00a0\u00bb et_pb_row_fullwidth\u00a0\u00bb _builder_version=\u00a0\u00bb4.21.0&Prime; background_image=\u00a0\u00bbhttps:\/\/noe-navarro.fr\/wp-content\/uploads\/2025\/05\/DSC07581-scaled.jpg\u00a0\u00bb width=\u00a0\u00bb100%\u00a0\u00bb width_tablet=\u00a0\u00bb100%\u00a0\u00bb width_phone=\u00a0\u00bb100%\u00a0\u00bb width_last_edited=\u00a0\u00bbon|desktop\u00a0\u00bb max_width=\u00a0\u00bb100%\u00a0\u00bb max_width_tablet=\u00a0\u00bb100%\u00a0\u00bb max_width_phone=\u00a0\u00bb100%\u00a0\u00bb max_width_last_edited=\u00a0\u00bbon|desktop\u00a0\u00bb min_height=\u00a0\u00bb755.4px\u00a0\u00bb custom_margin=\u00a0\u00bb|auto|2px|auto||\u00a0\u00bb custom_padding=\u00a0\u00bb0px||0px|||\u00a0\u00bb make_fullwidth=\u00a0\u00bbon\u00a0\u00bb global_colors_info=\u00a0\u00bb{}\u00a0\u00bb][et_pb_column type=\u00a0\u00bb1_3&Prime; _builder_version=\u00a0\u00bb4.16&Prime; background_color=\u00a0\u00bb#efe9e4&Prime; custom_padding=\u00a0\u00bb10%|5%|10%|5%\u00a0\u00bb global_colors_info=\u00a0\u00bb{}\u00a0\u00bb custom_padding__hover=\u00a0\u00bb|||\u00a0\u00bb][et_pb_text admin_label=\u00a0\u00bbTitle\u00a0\u00bb _builder_version=\u00a0\u00bb4.16&Prime; header_font=\u00a0\u00bb||||||||\u00a0\u00bb header_2_font=\u00a0\u00bbPoppins|600|||||||\u00a0\u00bb header_2_font_size=\u00a0\u00bb36px\u00a0\u00bb header_2_line_height=\u00a0\u00bb1.2em\u00a0\u00bb animation_style=\u00a0\u00bbfold\u00a0\u00bb animation_direction=\u00a0\u00bbleft\u00a0\u00bb animation_intensity_fold=\u00a0\u00bb10%\u00a0\u00bb animation_starting_opacity=\u00a0\u00bb100%\u00a0\u00bb global_colors_info=\u00a0\u00bb{}\u00a0\u00bb]<\/p>\n<h2>Noe Navarro<\/h2>\n<p>[\/et_pb_text][et_pb_text _builder_version=\u00a0\u00bb4.21.0&Prime; _module_preset=\u00a0\u00bbdefault\u00a0\u00bb custom_margin=\u00a0\u00bb||59px|||\u00a0\u00bb global_colors_info=\u00a0\u00bb{}\u00a0\u00bb]<\/p>\n<p>Bienvenue.<\/p>\n<p>Ce lieu est une travers\u00e9e.<br \/>\u00c0 travers la terre, le souffle, les formes\u2026 je cherche \u00e0 revenir \u00e0 moi-m\u00eame.<\/p>\n<p>Je suis Noelia, c\u00e9ramiste n\u00e9e au Paraguay et vivant \u00e0 Lyon. Mon travail est une qu\u00eate : celle d\u2019un retour au corps comme maison symbolique, d\u2019un pont entre la pens\u00e9e et l\u2019\u00e9motion, entre le visible et l\u2019invisible.<\/p>\n<p>Chaque pi\u00e8ce est une empreinte de cette transformation int\u00e9rieure \u2014 une tentative d\u2019unir ce qui fut s\u00e9par\u00e9, de c\u00e9l\u00e9brer la sensibilit\u00e9 comme force, de faire dialoguer le sacr\u00e9 et le quotidien.<\/p>\n<p>D\u00e9couvrez mes \u0153uvres<br \/>Entrez dans l\u2019atelier<br \/>Ressentez mon univers<\/p>\n<p>&#8212;&#8212;-<\/p>\n<p>Welcome.<\/p>\n<p>This space is a passage.<br \/>Through clay, breath, and form, I seek a return to myself.<\/p>\n<p>I\u2019m Noelia, a ceramic artist born in Paraguay and based in Lyon. My work is a personal journey \u2014 a slow, soulful attempt to return to the body as symbolic home, to bridge thought and emotion, the earthly and the divine.<\/p>\n<p>Each sculpture is a trace of inner transformation \u2014 a way to reunite what was once divided, to embrace sensitivity as strength, and to let the sacred and the everyday speak to each other.<\/p>\n<p>Explore my creations<br \/>Step into the studio<br \/>Feel my universe<\/p>\n<p>[\/et_pb_text][et_pb_divider color=\u00a0\u00bb#8B68EE\u00a0\u00bb divider_position=\u00a0\u00bbcenter\u00a0\u00bb divider_weight=\u00a0\u00bb3px\u00a0\u00bb _builder_version=\u00a0\u00bb4.21.0&Prime; max_width=\u00a0\u00bb50px\u00a0\u00bb module_alignment=\u00a0\u00bbleft\u00a0\u00bb animation_style=\u00a0\u00bbslide\u00a0\u00bb animation_direction=\u00a0\u00bbtop\u00a0\u00bb animation_intensity_slide=\u00a0\u00bb10%\u00a0\u00bb animation_starting_opacity=\u00a0\u00bb100%\u00a0\u00bb locked=\u00a0\u00bboff\u00a0\u00bb global_colors_info=\u00a0\u00bb{}\u00a0\u00bb][\/et_pb_divider][\/et_pb_column][et_pb_column type=\u00a0\u00bb2_3&Prime; _builder_version=\u00a0\u00bb4.16&Prime; background_image=\u00a0\u00bbhttps:\/\/noe-navarro.fr\/wp-content\/uploads\/2023\/06\/02_img.jpg\u00a0\u00bb background_repeat=\u00a0\u00bbrepeat\u00a0\u00bb custom_padding=\u00a0\u00bb|||\u00a0\u00bb global_colors_info=\u00a0\u00bb{}\u00a0\u00bb custom_padding__hover=\u00a0\u00bb|||\u00a0\u00bb][et_pb_image src=\u00a0\u00bbhttps:\/\/noe-navarro.fr\/wp-content\/uploads\/2025\/05\/femme-modelage-coeur-ceramique.jpg\u00a0\u00bb title_text=\u00a0\u00bbfemme-modelage-coeur-ceramique\u00a0\u00bb _builder_version=\u00a0\u00bb4.21.0&Prime; _module_preset=\u00a0\u00bbdefault\u00a0\u00bb global_colors_info=\u00a0\u00bb{}\u00a0\u00bb][\/et_pb_image][\/et_pb_column][\/et_pb_row][\/et_pb_section]<\/p>\n","protected":false},"excerpt":{"rendered":"<p>Noe NavarroBienvenue. Ce lieu est une travers\u00e9e.\u00c0 travers la terre, le souffle, les formes\u2026 je cherche \u00e0 revenir \u00e0 moi-m\u00eame. Je suis Noelia, c\u00e9ramiste n\u00e9e au Paraguay et vivant \u00e0 Lyon. Mon travail est une qu\u00eate : celle d\u2019un retour au corps comme maison symbolique, d\u2019un pont entre la pens\u00e9e et l\u2019\u00e9motion, entre le visible [&hellip;]<\/p>\n","protected":false},"author":1,"featured_media":0,"parent":0,"menu_order":0,"comment_status":"closed","ping_status":"closed","template":"","meta":{"_et_pb_use_builder":"on","_et_pb_old_content":"","_et_gb_content_width":"","footnotes":""},"class_list":["post-18","page","type-page","status-publish","hentry"],"_links":{"self":[{"href":"https:\/\/noe-navarro.fr\/index.php\/wp-json\/wp\/v2\/pages\/18","targetHints":{"allow":["GET"]}}],"collection":[{"href":"https:\/\/noe-navarro.fr\/index.php\/wp-json\/wp\/v2\/pages"}],"about":[{"href":"https:\/\/noe-navarro.fr\/index.php\/wp-json\/wp\/v2\/types\/page"}],"author":[{"embeddable":true,"href":"https:\/\/noe-navarro.fr\/index.php\/wp-json\/wp\/v2\/users\/1"}],"replies":[{"embeddable":true,"href":"https:\/\/noe-navarro.fr\/index.php\/wp-json\/wp\/v2\/comments?post=18"}],"version-history":[{"count":35,"href":"https:\/\/noe-navarro.fr\/index.php\/wp-json\/wp\/v2\/pages\/18\/revisions"}],"predecessor-version":[{"id":276,"href":"https:\/\/noe-navarro.fr\/index.php\/wp-json\/wp\/v2\/pages\/18\/revisions\/276"}],"wp:attachment":[{"href":"https:\/\/noe-navarro.fr\/index.php\/wp-json\/wp\/v2\/media?parent=18"}],"curies":[{"name":"wp","href":"https:\/\/api.w.org\/{rel}","templated":true}]}}